
18
What is the remainder when 244 is divided by 36?
28
Calculate the remainder when 225 is divided by 183.
42
What is the remainder when 895 is divided by 71?
43
What is the remainder when 231 is divided by 62?
45
Calculate the remainder when 156 is divided by 57.
42
What is the remainder when 208 is divided by 204?
4
What is the remainder when 1448 is divided by 20?
8
What is the remainder when 4145 is divided by 34?
31
Calculate the remainder when 3441 is divided by 6.
3
Calculate the remainder when 13 is divided by 4.
1
Calculate the remainder when 249 is divided by 63.
60
What is the remainder when 10 is divided by 3?
1
What is the remainder when 64 is divided by 15?
4
What is the remainder when 920 is divided by 133?
122
What is the remainder when 2343 is divided by 102?
99
What is the remainder when 426 is divided by 48?
42
What is the remainder when 6434 is divided by 41?
38
What is the remainder when 258 is divided by 117?
24
What is the remainder when 1326 is divided by 69?
15
What is the remainder when 430 is divided by 45?
25
Calculate the remainder when 122 is divided by 115.
7
Calculate the remainder when 159 is divided by 24.
15
What is the remainder when 900 is divided by 425?
50
What is the remainder when 168 is divided by 46?
30
What is the remainder when 7138 is divided by 2377?
7
Calculate the remainder when 212 is divided by 6.
2
What is the remainder when 324 is divided by 30?
24
What is the remainder when 2689 is divided by 894?
7
Calculate the remainder when 366 is divided by 186.
180
Calculate the remainder when 24 is divided by 14.
10
What is the remainder when 355 is divided by 171?
13
Calculate the remainder when 1747 is divided by 111.
82
Calculate the remainder when 208 is divided by 44.
32
Calculate the remainder when 1437 is divided by 12.
9
What is the remainder when 3363 is divided by 99?
96
What is the remainder when 860 is divided by 274?
38
What is the remainder when 113 is divided by 4?
1
What is the remainder when 193 is divided by 98?
95
Calculate the remainder when 2508 is divided by 37.
29
What is the remainder when 478 is divided by 105?
58
Calculate the remainder when 3575 is divided by 179.
174
What is the remainder when 3022 is divided by 84?
82
What is the remainder when 28 is divided by 8?
4
Calculate the remainder when 428 is divided by 65.
38
What is the remainder when 879 is divided by 875?
4
Calculate the remainder when 215 is divided by 41.
10
What is the remainder when 424 is divided by 400?
24
What is the remainder when 361 is divided by 41?
33
Calculate the remainder when 982 is divided by 6.
4
What is the remainder when 168 is divided by 35?
28
Calculate the remainder when 156 is divided by 3.
0
What is the remainder when 216 is divided by 69?
9
What is the remainder when 479 is divided by 8?
7
What is the remainder when 2662 is divided by 16?
6
What is the remainder when 10686 is divided by 81?
75
Calculate the remainder when 17 is divided by 2.
1
Calculate the remainder when 458 is divided by 23.
21
Calculate the remainder when 662 is divided by 32.
22
Calculate the remainder when 415 is divided by 327.
88
What is the remainder when 1055 is divided by 46?
43
What is the remainder when 466 is divided by 91?
11
What is the remainder when 7408 is divided by 26?
24
What is the remainder when 186 is divided by 65?
56
What is the remainder when 240 is divided by 64?
48
Calculate the remainder when 410 is divided by 56.
18
What is the remainder when 86 is divided by 22?
20
What is the remainder when 671 is divided by 6?
5
Calculate the remainder when 72 is divided by 6.
0
What is the remainder when 29 is divided by 7?
1
What is the remainder when 878 is divided by 49?
45
Calculate the remainder when 1289 is divided by 38.
35
Calculate the remainder when 1158 is divided by 14.
10
Calculate the remainder when 157 is divided by 40.
37
Calculate the remainder when 1106 is divided by 221.
1
What is the remainder when 496 is divided by 12?
4
What is the remainder when 136 is divided by 28?
24
What is the remainder when 457 is divided by 151?
4
What is the remainder when 6866 is divided by 34?
32
What is the remainder when 839 is divided by 30?
29
What is the remainder when 43 is divided by 29?
14
Calculate the remainder when 508 is divided by 15.
13
What is the remainder when 232 is divided by 76?
4
What is the remainder when 137 is divided by 18?
11
What is the remainder when 794 is divided by 28?
10
What is the remainder when 684 is divided by 226?
6
What is the remainder when 2784 is divided by 38?
10
What is the remainder when 46 is divided by 10?
6
Calculate the remainder when 35 is divided by 11.
2
Calculate the remainder when 296 is divided by 80.
56
Calculate the remainder when 99 is divided by 6.
3
What is the remainder when 18 is divided by 6?
0
What is the remainder when 1073 is divided by 1064?
9
Calculate the remainder when 244 is divided by 41.
39
Calculate the remainder when 130 is divided by 6.
4
What is the remainder when 124 is divided by 6?
4
What is the remainder when 10206 is divided by 36?
18
Calculate the remainder when 1007 is divided by 9.
8
What is the remainder when 917 is divided by 9?
8
What is the remainder when 2110 is divided by 2105?
5
Calculate the remainder when 1564 is divided by 29.
27
What is the remainder when 587 is divided by 156?
119
Calculate the remainder when 67 is divided by 14.
11
Calculate the remainder when 1305 is divided by 424.
33
Calculate the remainder when 4914 is divided by 545.
9
What is the remainder when 5382 is divided by 1074?
12
Calculate the remainder when 288 is divided by 17.
16
Calculate the remainder when 161 is divided by 28.
21
Calculate the remainder when 1277 is divided by 40.
37
Calculate the remainder when 695 is divided by 12.
11
Calculate the remainder when 949 is divided by 17.
14
What is the remainder when 307 is divided by 13?
8
Calculate the remainder when 482 is divided by 94.
12
Calculate the remainder when 204 is divided by 191.
13
Calculate the remainder when 83 is divided by 1.
0
What is the remainder when 248 is divided by 49?
3
Calculate the remainder when 179 is divided by 26.
23
Calculate the remainder when 11085 is divided by 22.
19
What is the remainder when 203 is divided by 32?
11
Calculate the remainder when 131 is divided by 76.
55
What is the remainder when 1509 is divided by 501?
6
What is the remainder when 11729 is divided by 69?
68
Calculate the remainder when 2480 is divided by 813.
41
What is the remainder when 4633 is divided by 18?
7
Calculate the remainder when 49 is divided by 28.
21
What is the remainder when 1944 is divided by 59?
56
What is the remainder when 656 is divided by 9?
8
What is the remainder when 1875 is divided by 78?
3
Calculate the remainder when 1259 is divided by 30.
29
Calculate the remainder when 190 is divided by 6.
4
What is the remainder when 21921 is divided by 21?
18
Calculate the remainder when 145 is divided by 86.
59
What is the remainder when 400 is divided by 189?
22
Calculate the remainder when 99 is divided by 34.
31
What is the remainder when 430 is divided by 29?
24
What is the remainder when 6258 is divided by 202?
198
What is the remainder when 5696 is divided by 10?
6
What is the remainder when 582 is divided by 15?
12
Calculate the remainder when 314 is divided by 37.
18
Calculate the remainder when 992 is divided by 401.
190
What is the remainder when 17758 is divided by 214?
210
What is the remainder when 10 is divided by 7?
3
What is the remainder when 58 is divided by 17?
7
Calculate the remainder when 4822 is divided by 7.
6
Calculate the remainder when 118 is divided by 32.
22
Calculate the remainder when 1509 is divided by 63.
60
What is the remainder when 1273 is divided by 18?
13
Calculate the remainder when 687 is divided by 70.
57
Calculate the remainder when 7824 is divided by 43.
41
Calculate the remainder when 1043 is divided by 58.
57
Calculate the remainder when 445 is divided by 162.
121
Calculate the remainder when 868 is divided by 289.
1
What is the remainder when 280 is divided by 101?
78
Calculate the remainder when 701 is divided by 29.
5
Calculate the remainder when 1273 is divided by 22.
19
What is the remainder when 2 is divi